lculate b(7).
22
Let u(h) = h**3 + 27*h**2 - 55*h - 4. Give u(2).
2
Let j(i) = -1003*i - 5985. What is j(-6)?
33
Let s(g) = g**2 - 1016*g + 12042. Determine s(12).
-6
Let o(g) = -139*g + 268. Calculate o(2).
-10
Let m(v) = -v**3 - 11*v**2 + 2*v + 3. Determine m(-11).
-19
Let l(r) = -3*r**2 + 17*r + 58. Determine l(8).
2
Let f(v) = -46*v - 127. Calculate f(-11).
379
Let o(u) = -13*u - 30. What is o(-2)?
-4
Let n(h) = h**2 + 5*h - 14. Calculate n(-6).
-8
Let m(g) = -g**3 - 43*g**2 - 83*g - 26. Determine m(-41).
15
Let h(s) = -s**2 - 47*s - 135. Give h(-44).
-3
Let f(w) = -14*w**2 - 198*w - 9. Give f(-14).
19
Let c(f) = 906*f + 19119. Give c(-21).
93
Let o(w) = 14*w - 176. Determine o(12).
-8
Let n(r) = r**2 - 31*r + 268. What is n(18)?
34
Let z(c) = 2*c**3 - 20*c**2 + 18*c - 1. Determine z(9).
-1
Let q(o) = -2*o**2 + 4*o + 29. Give q(-5).
-41
Let l(n) = 21*n**3 + 9*n**2 - 13*n + 3. What is l(1)?
20
Let i(f) = -2*f**2 - 20*f + 209. What is i(-17)?
-29
Let i(m) = -9*m + 86. Calculate i(7).
23
Let a(v) = v**3 - 25*v**2 - 58*v + 146. Calculate a(27).
38
Let b(i) = 3*i**2 - 123*i - 46. Give b(41).
-46
Let v(i) = -i**2 - 141*i + 2299. Calculate v(17).
-387
Let s(o) = -o**3 - 10*o**2 - 21*o - 16. Give s(-7).
-16
Let m(o) = 14*o - 599. Determine m(34).
-123
Let o(c) = -c**3 + 13*c**2 + 14*c + 13. Give o(14).
13
Let n(p) = p**3 - 58*p**2 + 79*p - 1257. What is n(57)?
-3
Let h(t) = t**2 + 142*t - 5449. Give h(32).
119
Let u(o) = -95*o - 8848. What is u(-93)?
-13
Let k(d) = d**2 - 166*d + 3966. Give k(137).
-7
Let m(x) = 386*x - 34366. Give m(89).
-12
Let y(z) = -2831*z + 36791. Calculate y(13).
-12
Let s(a) = a**3 - 11*a**2 - 99*a - 148. Calculate s(-2).
-2
Let r(u) = -59*u + 10. Determine r(0).
10
Let x(s) = 2*s**2 - 12*s + 16. Determine x(3).
-2
Let z(r) = 425*r - 9375. What is z(22)?
-25
Let r(o) = -23*o**2 - 6*o - 20. Determine r(-3).
-209
Let o(k) = 11*k + 322. Calculate o(-29).
3
Let o(z) = 53*z - 823. What is o(20)?
237
Let j(u) = u**3 + 7*u**2 - 4*u - 9. Determine j(-3).
39
Let q(x) = -x**3 + 4*x**2 - 59*x + 229. Determine q(4).
-7
Let n(a) = -a**3 - 10*a**2 + 22*a + 79. What is n(-11)?
-42
Let v(z) = -3437*z + 34363. Calculate v(10).
-7
Let q(d) = -24115*d - 120574. What is q(-5)?
1
Let g(l) = -3*l**2 + 2*l + 179. What is g(-7)?
18
Let o(q) = -131*q - 477. Determine o(-5).
178
Let m(s) = 5*s**3 + 4*s**2 - 12*s + 4. Determine m(3).
139
Let a(m) = -2*m**2 - 164*m + 163. Give a(-83).
-3
Let l(d) = -d**3 - 4*d**2 - 202*d - 1544. Calculate l(-7).
17
Let j(r) = -2*r**3 + 10*r**2 - 3*r - 10. Give j(4).
10
Let z(p) = 2*p**2 - 15*p + 16. Give z(12).
124
Let m(u) = 15*u + 178. What is m(-11)?
13
Let n(r) = -r**3 + 8*r**2 + 26*r + 23. Calculate n(11).
-54
Let o(i) = 354*i**3 - 2*i - 2. What is o(-1)?
-354
Let i(r) = -37*r - 1896. Determine i(-51).
-9
Let w(p) = -8*p**2 + 3*p - 8. Calculate w(2).
-34
Let w(c) = 215*c + 4313. Determine w(-20).
13
Let a(g) = -53*g - 354. Determine a(-7).
17
Let z(l) = 93*l - 11150. Give z(120).
10
Let f(q) = -4*q - 83. Give f(10).
-123
Let g(o) = 2*o**3 + 65*o**2 + 37*o + 154. What is g(-32)?
-6
Let v(n) = n**3 + n**2 - 14*n + 129. Give v(-7).
-67
Let o(r) = 25*r - 906. Calculate o(34).
-56
Let m(g) = 1195*g + 6058. Give m(-5).
83
Let i(q) = q**2 - 2465*q + 34313. Calculate i(14).
-1
Let l(n) = -n**3 + 22*n**2 + 51*n - 642. Give l(23).
2
Let r(m) = -2*m**2 + 31*m + 121. Determine r(-10).
-389
Let d(k) = -k**2 + 18*k + 202. Calculate d(34).
-342
Let m(n) = 4*n**2 - 47*n - 185. What is m(15)?
10
Let p(q) = -3*q - 170. Determine p(-63).
19
Let z(c) = 2*c**3 - 42*c**2 + 44*c - 942. Give z(21).
-18
Let u(x) = -13*x + 69. Give u(14).
-113
Let g(q) = -534*q**2 - 4*q - 14. Calculate g(-1).
-544
Let s(k) = 298*k - 253. Give s(1).
45
Let b(r) = 46*r**2 + 339*r + 133. Give b(-7).
14
Let r(w) = 138*w + 1629. Determine r(-12).
-27
Let g(k) = 2*k**2 - 98*k - 540. Give g(54).
0
Let a(m) = -3*m**3 + 51*m**2 - 17*m + 338. Determine a(17).
49
Let b(i) = -298*i + 2104. What is b(7)?
18
Let k(q) = q**3 - 11*q**2 + 113*q - 1812. Give k(13).
-5
Let p(m) = 85*m - 1299. Determine p(7).
-704
Let o(m) = -29*m - 26. Give o(-5).
119
Let m(p) = 12*p**3 + 514*p**2 - 85*p + 25. What is m(-43)?
-18
Let p(d) = -d**2 + 207*d - 1406. What is p(7)?
-6
Let l(i) = -6*i + 31. Determine l(11).
-35
Let j(f) = -f**3 - 15*f**2 + 16*f - 101. Give j(-16).
-101
Let a(c) = 2*c**2 - 57*c - 230. Give a(32).
-6
Let g(v) = -2*v**3 + 22*v**2 - 58*v - 5. Determine g(5).
5
Let r(x) = 295*x + 3789. Calculate r(-14).
-341
Let a(x) = -x**3 + 17*x**2 + 11*x + 105. Calculate a(18).
-21
Let i(g) = -74*g + 39. Give i(2).
-109
Let a(g) = 2*g**3 - 57*g**2 - 184*g + 1. What is a(-3)?
-14
Let y(l) = 3*l**2 + 42*l + 28. Give y(-15).
73
Let g(l) = -135*l - 256. Determine g(-2).
14
Let u(y) = -145*y + 1590. What is u(11)?
-5
Let q(p) = p + 32. What is q(45)?
77
Let j(q) = -68*q + 706. What is j(11)?
-42
Let l(a) = 102*a + 844. Calculate l(-8).
28
Let i(y) = 5840*y - 35040. What is i(6)?
0
Let q(r) = r**2 - 37*r + 331. Determine q(23).
9
Let v(q) = q**3 - 23*q**2 - 70*q + 2014. Give v(22).
-10
Let m(a) = 49*a + 2220. Calculate m(-45).
15
Let l(q) = -q**3 - 121*q**2 + 147*q + 3009. Determine l(-122).
-41
Let t(r) = -1031*r + 4134. What is t(4)?
10
Let f(i) = 4902*i - 107845. Calculate f(22).
-1
Let c(b) = 17*b + 712. Determine c(-39).
49
Let b(o) = 31*o + 401. Determine b(-39).
-808
Let y(a) = a**2 + 26*a - 15. Give y(-19).
-148
Let y(h) = -324*h + 12948. What is y(40)?
-12
Let n(t) = 90*t + 171. What is n(-2)?
-9
Let w(g) = 2938*g - 11755. Give w(4).
-3
Let g(s) = -s**3 + 37*s**2 - 216*s + 36. Give g(30).
-144
Let t(i) = -i**3 + 24*i**2 + 123*i - 183. Determine t(28).
125
Let b(c) = c**2 - 109*c + 625. Give b(6).
7
Let p(f) = 1553*f + 21736. Determine p(-14).
-6
Let r(i) = 24*i**2 - 20*i + 19. Calculate r(1).
23
Let v(z) = -z**2 + 72*z - 1189. Give v(32).
91
Let n(b) = -2*b**3 + 39*b**2 + 717*b - 128. Calculate n(31).
-4
Let x(s) = -66*s - 728. Calculate x(-11).
-2
Let t(q) = -19*q**2 + 51*q - 381. Determine t(7).
-955
Let d(n) = 2*n**3 + 3*n**2 - 17*n - 19. Calculate d(-3).
5
Let t(i) = 6*i**2 + 351*i - 185. What is t(-59)?
-8
Let c(m) = 3*m**3 - 6*m**2 - 32*m - 66. Give c(-5).
-431
Let n(f) = -f**2 - 15*f - 24. Calculate n(-5).
26
Let z(t) = 210*t + 4949. Give z(-22).
329
Let s(v) = -v**3 + 5*v**2 - 5*v + 7. What is s(5)?
-18
Let x(s) = -1190*s - 9498. What is x(-8)?
22
Let q(k) = k**3 + 6*k**2 + 2*k - 6. Give q(3).
81
Let i(k) = k**3 + 15*k**2 - 354. Give i(-13).
-16
Let g(n) = 2*n**2 - 22*n - 1565. Calculate g(-23).
-1
Let d(h) = -2*h**3 + 48*h**2 - 48*h + 122. Calculate d(23).
76
Let p(z) = z**2 - 19*z - 968. What is p(-22)?
-66
Let r(w) = -7*w + 269. Determine r(31).
52
Let g(j) = 3*j + 105. Give g(-24).
33
Let v(j) = 237*j - 13. Calculate v(-1).
-250
Let h(v) = -32*v - 491. What is h(-14)?
-43
Let b(r) = -35*r - 34. Calculate b(0).
-34
Let m(r) = r**3 - 43*r**2 + r - 34. Determine m(43).
9
Let x(t) = 3*t**2 + 86*t - 70. Determine x(-29).
-41
Let v(c) = c**3 + 42*c**2 - 186*c - 109. Determine v(-46).
-17
Let q(n) = -5*n**3 + 25*n**2 - 6*n + 5. What is q(6)?
-211
Let s(p) = 11*p**2 - 78*p + 77. Calculate s(1).
10
Let z(x) = 7*x - 169. Determine z(15).
-64
Let l(c) = -c**2 + 13*c - 1. Determine l(2).
21
Let k(v) = -372*v - 2591. What is k(-7)?
13
Let n(y) = y**3 + 18*y**2 - 64*y - 10. What is n(3)?
-13
Let j(t) = 2*t**3 - 68*t**2 + 64*t + 84. Determine j(33).
18
Let a(q) = 30*q + 417. Calculate a(-14).
-3
Let s(j) = 3*j**3 - 5*j**2 - 2*j - 22. What is s(5)?
218
Let k(r) = 10*r**3 + 2*r**2 + 43*r - 97. What is k(2)?
77
Let d(v) = 16*v**3 + 20*v**2 - 3*v - 3. What is d(-2)?
-45
Let d(i) = -i**3 - 17*i**2 + 34*i - 41. Give d(-19).
35
Let f(y) = -1625*y - 8138. Calculate f(-5).
-13
Let b(n) = n**3 - 15*n**2 + 73*n - 463. Calculate b(12).
-19
Let w(f) = f**3 - 15*f**2 + 21*f + 1. Calculate w(11).
-252
Let d(h) = -h**2 + 65*h - 106. Determine d(64).
-42
Let s(z) = -40*z + 446. Determine s(11).
6
Let a(t) = -9833*t**2 + 88500*t - 31. Give a(9).
-4
Let g(o) = -o**3 + 22*o**2 - 66*o + 31. What is g(19)?
-140
Let w(c) = c**2 - 16*c - 87. What is w(-4)?
-7
Let z(r) = 123*r**2 + 484*r - 32. What is z(-4)?
0
Let t(u) = -u**3 - 124*u**2 + 915*u - 258. What is t(-131)?
4
Let u(f) = 2*f**3 - 18*f**2 -